 190904714.
2, 7, 11, 13, 167, 571
What are the prime factors of 331968242?
2, 311, 533711
What are the prime factors of 37134208?
2, 19, 15269
List the prime factors of 24255655.
5, 43, 101, 1117
What are the prime factors of 164784539?
71, 2320909
List the prime factors of 624451610.
2, 5, 23, 2715007
What are the prime factors of 1839855?
3, 5, 173, 709
List the prime factors of 1334787212.
2, 11, 31, 547, 1789
List the prime factors of 103857727.
383, 271169
What are the prime factors of 5751610008?
2, 3, 379, 632323
List the prime factors of 142217041.
4229, 33629
What are the prime factors of 44014081?
44014081
What are the prime factors of 5887137908?
2, 1471784477
What are the prime factors of 354995631?
3, 39443959
What are the prime factors of 4820144454?
2, 3, 23, 541, 21521
What are the prime factors of 2102140338?
2, 3, 17, 23, 52709
What are the prime factors of 594894610?
2, 5, 59489461
List the prime factors of 864512476.
2, 216128119
List the prime factors of 115123490.
2, 5, 17, 41, 83, 199
What are the prime factors of 165725889?
3, 7, 109, 10343
List the prime factors of 71232190.
2, 5, 1721, 4139
What are the prime factors of 114115246?
2, 7, 137, 59497
List the prime factors of 4713458034.
2, 3, 23, 113, 302261
What are the prime factors of 129655251?
3, 11, 67, 1777
List the prime factors of 471523111.
97, 4861063
List the prime factors of 21741605.
5, 19, 228859
What are the prime factors of 258409822?
2, 11, 11745901
What are the prime factors of 1340211336?
2, 3, 29, 37, 71, 733
List the prime factors of 97250812.
2, 17, 84127
List the prime factors of 9052201.
241, 37561
What are the prime factors of 17471198?
2, 59, 148061
What are the prime factors of 794310332?
2, 83, 2392501
List the prime factors of 46972594.
2, 23486297
List the prime factors of 162023334.
2, 3, 11, 2454899
List the prime factors of 120567432.
2, 3, 31, 162053
What are the prime factors of 136880117?
11, 12443647
List the prime factors of 128803405.
5, 2063, 12487
List the prime factors of 3640788955.
5, 31, 107, 219523
List the prime factors of 34572157.
34572157
What are the prime factors of 15877055?
5, 1303, 2437
What are the prime factors of 3360720942?
2, 3, 20745191
List the prime factors of 121764077.
37, 71, 46351
What are the prime factors of 881964304?
2, 13, 1021, 4153
List the prime factors of 1900052115.
3, 5, 13, 9743857
What are the prime factors of 32039231?
7, 137, 33409
What are the prime factors of 57837379?
151, 383029
List the prime factors of 181242144.
2, 3, 209771
List the prime factors of 3348294317.
37, 90494441
List the prime factors of 5010958699.
31, 919, 175891
What are the prime factors of 1012247340?
2, 3, 5, 13, 31, 41863
List the prime factors of 4751443.
89, 197, 271
List the prime factors of 59178409.
229, 258421
List the prime factors of 12702745.
5, 11, 230959
List the prime factors of 558655775.
5, 53, 293, 1439
List the prime factors of 144545300.
2, 5, 1445453
List the prime factors of 278648839.
7, 5686711
List the prime factors of 2626078832.
2, 13, 83, 11701
List the prime factors of 87963749.
19, 59, 131, 599
List the prime factors of 4871101447.
43, 10459, 10831
List the prime factors of 464606196.
2, 3, 38717183
List the prime factors of 695688223.
695688223
List the prime factors of 2187442904.
2, 17, 16084139
List the prime factors of 100947866.
2, 107, 471719
What are the prime factors of 814801946?
2, 7, 101, 307, 1877
List the prime factors of 6165146171.
269, 22918759
List the prime factors of 1033995630.
2, 3, 5, 43, 419, 1913
What are the prime factors of 7599245?
5, 37, 41077
What are the prime factors of 32946345?
3, 5, 81349
List the prime factors of 103127786.
2, 373, 138241
What are the prime factors of 12284280?
2, 3, 5, 34123
What are the prime factors of 197066678?
2, 43, 313, 7321
List the prime factors of 3125838270.
2, 3, 5, 199, 293, 1787
What are the prime factors of 369566962?
2, 83, 2226307
List the prime factors of 2208412287.
3, 607, 404249
List the prime factors of 1392941584.
2, 1039, 83791
List the prime factors of 682756392.
2, 3, 28448183
What are the prime factors of 253312645?
5, 331, 153059
What are the prime factors of 1751598400?
2, 5, 17, 71, 907
List the prime factors of 123931707.
3, 31, 71, 137
What are the prime factors of 656641361?
149, 1579, 2791
What are the prime factors of 347248671?
3, 7, 11, 1503241
What are the prime factors of 853565503?
7, 121937929
What are the prime factors of 935550053?
935550053
List the prime factors of 414152076.
2, 3, 13, 23, 683
List the prime factors of 448494853.
113, 3968981
What are the prime factors of 293661245?
5, 19, 3091171
What are the prime factors of 6775407113?
79, 83, 1033309
What are the prime factors of 4235762974?
2, 157, 13489691
What are the prime factors of 23378897?
41, 570217
List the prime factors of 44733748.
2, 11183437
List the prime factors of 317462710.
2, 5, 29, 199, 5501
List the prime factors of 63474416.
2, 83, 47797
What are the prime factors of 489545953?
13, 211, 317, 563
What are the prime factors of 18904753?
7, 19, 307, 463
What are the prime factors of 3185214378?
2, 3, 19, 401, 69677
What are the prime factors of 531923557?
11, 17, 167, 17033
List the prime factors of 2048515386.
2, 3, 341419231
What are the prime factors of 12743503?
37, 163, 2113
List the prime factors of 59041092.
2, 3, 11, 23, 19447
What are the prime factors of 1423540371?
3, 11, 29, 47, 31649
List the prime factors of 13082691.
3, 227, 19211
What are the prime factors of 273577888?
2, 103, 83003
What are the prime factors of 81780073?
4513, 18121
List the prime factors of 47671086.
2, 3, 7945181
List the prime factors of 2533423805.
5, 11, 19, 2424329
List the prime factors of 1096170229.
7, 11, 2033711
What are the prime factors of 2070304874?
2, 11, 131, 718357
List the prime factors of 32984671.
167, 263, 751
What are the prime factors of 135250665?
3, 5, 11, 819701
List the prime factors of 8853525993.
3, 13, 67, 3388261
What are the prime factors of 300126412?
2, 43, 487, 3583
List the prime factors of 17602235.
5, 7, 502921
What are the prime factors of 54133335?
3, 5, 1202963
List the prime factors of 14321368.
2, 37, 48383
What are the prime factors of 19396299?
3, 13, 67, 571
What are the prime factors of 1814730186?
2, 3, 647, 467473
What are the prime factors of 57074037?
3, 83, 229213
List the prime factors of 1318205136.
2, 3, 101, 127, 2141
List the prime factors of 74532382.
2, 37266191
What are the prime factors of 114808368?
2, 3, 677, 3533
List the prime factors of 1928257203.
3, 47, 13675583
What are the prime factors of 1073194868?
2, 269, 769, 1297
List the prime factors of 736834380.
2, 3, 5, 12280573
What are the prime factors of 1206986894?
2, 19, 1671727
What are the prime factors of 28340636?
2, 241, 29399
List the prime factors of 741184941.
3, 7, 35294521
List the prime factors of 686386621.
199, 3449179
List the prime factors of 68473204.
2, 17118301
List the prime factors of 7240865638.
2, 29, 593, 210527
List the prime factors of 1749042534.
2, 3, 41, 7109929
List the prime factors of 2537631630.
2, 3, 5, 23, 1225909
List the prime factors of 3808097990.
2, 5, 19, 20042621
List the prime factors of 2515149036.
2, 3, 397, 58661
List the prime factors of 30844424.
2, 13, 296581
What are the prime factors of 97818935?
5, 17, 19, 37, 1637
List the prime factors of 194136619.
194136619
What are the prime factors of 850315513?
1733, 490661
List the prime factors of 514572084.
2, 3, 13, 1099513
What are the prime factors of 93351022?
2, 43, 337, 3221
List the prime factors of 520811157.
3, 103, 1685473
What are the prime factors of 622906001?
622906001
List the prime factors of 1462916324.
2, 19, 67, 287297
What are the prime factors of 577778511?
3, 277, 695281
List the prime factors of 30338595.
3, 5, 7, 13759
What are the prime factors of 189932470?
2, 5, 7, 13, 37, 5641
What are the prime factors of 520772947?
16339, 31873
List the prime factors of 40645832.
2, 37, 353, 389
List the prime factors of 115517738.
2, 7, 8251267
List the prime factors of 223657694.
2, 13, 8602219
List the prime factors of 168786403.
863, 195581
List the prime factors of 4339415908.
2, 1084853977
What